 is the remainder when 1408 is divided by 201?
1
Calculate the remainder when 66775 is divided by 1669.
15
Calculate the remainder when 1234891 is divided by 100.
91
Calculate the remainder when 12574 is divided by 2484.
154
What is the remainder when 11391 is divided by 2275?
16
What is the remainder when 7596 is divided by 117?
108
What is the remainder when 33835 is divided by 1990?
5
Calculate the remainder when 4002 is divided by 499.
10
Calculate the remainder when 114108 is divided by 137.
124
Calculate the remainder when 24112 is divided by 710.
682
Calculate the remainder when 2893 is divided by 333.
229
Calculate the remainder when 235871 is divided by 728.
727
Calculate the remainder when 23819 is divided by 552.
83
Calculate the remainder when 70521 is divided by 28.
17
What is the remainder when 308240 is divided by 61647?
5
Calculate the remainder when 6452 is divided by 2140.
32
Calculate the remainder when 3918 is divided by 206.
4
What is the remainder when 233 is divided by 29?
1
What is the remainder when 287191 is divided by 95715?
46
What is the remainder when 10449 is divided by 5192?
65
What is the remainder when 18810 is divided by 418?
0
What is the remainder when 647 is divided by 394?
253
Calculate the remainder when 452 is divided by 214.
24
What is the remainder when 6612339 is divided by 1294?
1293
What is the remainder when 1067794 is divided by 721?
714
What is the remainder when 264794 is divided by 88258?
20
What is the remainder when 1318 is divided by 1317?
1
What is the remainder when 45701 is divided by 130?
71
What is the remainder when 4795 is divided by 2353?
89
Calculate the remainder when 31788 is divided by 120.
108
What is the remainder when 17544 is divided by 283?
281
Calculate the remainder when 52925 is divided by 504.
5
What is the remainder when 10247 is divided by 330?
17
What is the remainder when 34984 is divided by 11660?
4
What is the remainder when 26223 is divided by 1861?
169
Calculate the remainder when 15545 is divided by 7.
5
What is the remainder when 8949 is divided by 169?
161
What is the remainder when 56295 is divided by 37?
18
Calculate the remainder when 560 is divided by 278.
4
What is the remainder when 2155918 is divided by 156?
154
Calculate the remainder when 55128 is divided by 2623.
45
Calculate the remainder when 23974 is divided by 3994.
10
What is the remainder when 3476 is divided by 1729?
18
What is the remainder when 197502 is divided by 2351?
18
Calculate the remainder when 4071 is divided by 1090.
801
Calculate the remainder when 13126 is divided by 40.
6
What is the remainder when 489 is divided by 153?
30
What is the remainder when 77752 is divided by 712?
144
What is the remainder when 403853 is divided by 344?
341
What is the remainder when 41450 is divided by 20700?
50
Calculate the remainder when 661 is divided by 18.
13
What is the remainder when 56775 is divided by 29?
22
What is the remainder when 58361 is divided by 58344?
17
What is the remainder when 35416 is divided by 180?
136
What is the remainder when 6044 is divided by 56?
52
What is the remainder when 6877 is divided by 385?
332
What is the remainder when 19131 is divided by 6377?
0
What is the remainder when 190916 is divided by 809?
801
Calculate the remainder when 2724 is divided by 286.
150
What is the remainder when 65436 is divided by 5453?
0
Calculate the remainder when 13335 is divided by 1665.
15
What is the remainder when 137723 is divided by 19674?
5
What is the remainder when 300222 is divided by 188?
174
What is the remainder when 14951 is divided by 267?
266
Calculate the remainder when 114170 is divided by 28.
14
Calculate the remainder when 52448 is divided by 33.
11
Calculate the remainder when 121045 is divided by 157.
155
Calculate the remainder when 55987 is divided by 55820.
167
What is the remainder when 153062 is divided by 582?
578
Calculate the remainder when 1745 is divided by 88.
73
What is the remainder when 535594 is divided by 53558?
14
Calculate the remainder when 24777 is divided by 6165.
117
Calculate the remainder when 221733 is divided by 880.
853
What is the remainder when 237392 is divided by 547?
541
Calculate the remainder when 28392 is divided by 4043.
91
Calculate the remainder when 10440 is divided by 249.
231
Calculate the remainder when 15818 is divided by 565.
563
What is the remainder when 6534 is divided by 1047?
252
Calculate the remainder when 5063 is divided by 2517.
29
What is the remainder when 6391 is divided by 38?
7
Calculate the remainder when 125385 is divided by 76.
61
Calculate the remainder when 451 is divided by 85.
26
What is the remainder when 7737 is divided by 855?
42
Calculate the remainder when 25746 is divided by 302.
76
Calculate the remainder when 49922 is divided by 49897.
25
Calculate the remainder when 9824 is divided by 483.
164
What is the remainder when 479523 is divided by 479513?
10
Calculate the remainder when 3789 is divided by 15.
9
What is the remainder when 18859 is divided by 5?
4
What is the remainder when 12421133 is divided by 29?
27
What is the remainder when 323959 is divided by 1917?
1903
Calculate the remainder when 18986 is divided by 4742.
18
What is the remainder when 57092 is divided by 57052?
40
What is the remainder when 2886 is divided by 1002?
882
What is the remainder when 22165 is divided by 22152?
13
What is the remainder when 1429167 is divided by 52?
51
Calculate the remainder when 214838 is divided by 219.
218
What is the remainder when 1004 is divided by 730?
274
Calculate the remainder when 1821 is divided by 579.
84
Calculate the remainder when 355562 is divided by 389.
16
Calculate the remainder when 11774 is divided by 2942.
6
What is the remainder when 11676 is divided by 61?
25
Calculate the remainder when 54202 is divided by 1063.
1052
What is the remainder when 5655 is divided by 105?
90
Calculate the remainder when 6999 is divided by 999.
6
What is the remainder when 108983 is divided by 10886?
123
What is the remainder when 87 is divided by 15?
12
Calculate the remainder when 4046 is divided by 2001.
44
Calculate the remainder when 1039 is divided by 203.
24
Calculate the remainder when 30616 is divided by 963.
763
Calculate the remainder when 12588 is divided by 900.
888
What is the remainder when 242841 is divided by 829?
773
What is the remainder when 37052 is divided by 757?
716
What is the remainder when 210866 is divided by 126?
68
What is the remainder when 65979 is divided by 1244?
47
What is the remainder when 10577 is divided by 4937?
703
What is the remainder when 18250 is divided by 39?
37
What is the remainder when 324 is divided by 74?
28
Calculate the remainder when 38201 is divided by 5435.
156
What is the remainder when 2130 is divided by 1110?
1020
Calculate the remainder when 34359 is divided by 413.
80
Calculate the remainder when 287822 is divided by 65.
2
What is the remainder when 116246 is divided by 19371?
20
Calculate the remainder when 2160 is divided by 416.
80
What is the remainder when 100756 is divided by 10?
6
Calculate the remainder when 543631 is divided by 406.
403
Calculate the remainder when 250583 is divided by 115.
113
Calculate the remainder when 213691 is divided by 126.
121
What is the remainder when 3081 is divided by 37?
10
Calculate the remainder when 1375 is divided by 644.
87
Calculate the remainder when 49017 is divided by 285.
282
What is the remainder when 64679 is divided by 220?
219
Calculate the remainder when 6936187 is divided by 13.
11
Calculate the remainder when 2439 is divided by 734.
237
Calculate the remainder when 115050 is divided by 1494.
12
What is the remainder when 38306 is divided by 284?
250
Calculate the remainder when 45113 is divided by 9020.
13
Calculate the remainder when 453 is divided by 244.
209
Calculate the remainder when 2133 is divided by 20.
13
What is the remainder when 789873 is divided by 111?
108
Calculate the remainder when 257 is divided by 187.
70
Calculate the remainder when 56865 is divided by 84.
81
What is the remainder when 195695 is divided by 445?
340
What is the remainder when 145493 is divided by 7655?
48
What is the remainder when 91585 is divided by 171?
100
What is the remain